-1056, 0 = 4*p + 2*w - 2108. What is the remainder when p is divided by v?
9
Let z(i) = i**3 + 72*i**2 - 161*i - 853. Calculate the remainder when z(-74) is divided by 5.
4
Let n(v) = -v**2 - 10*v + 28. Let s be n(-12). Suppose 105 = -q + s*q. Calculate the remainder when 139 is divided by q.
34
Suppose 0 = -9*i + 2*i + 203. What is the remainder when -8 + 92*42/12 is divided by i?
24
Let u be 76*(7 + 135/(-18)). Let f = u + 53. Calculate the remainder when 38 is divided by f.
8
Suppose 4075 - 635 = -8*r. Let i = r - -444. What is the remainder when 207 is divided by i?
11
Let x = -7392 + 7530. Calculate the remainder when x is divided by 17.
2
Suppose -3*r - 27273 = -5*z, 2*r = -z + 2007 + 3445. Calculate the remainder when z is divided by 51.
48
Let h(q) = -q**3 + 23*q - 16 + 0*q + 11*q + 19*q**2 - 8*q - 4. Let w(i) = -i**3 - 5*i**2 - 8*i - 6. What is the remainder when h(20) is divided by w(-5)?
32
Suppose -5*w + 213 + 17 = 0. Calculate the remainder when w is divided by -18*1/(-108) + (-23)/(-6).
2
Let i = -153 - -164. Suppose i*q - 8*q = 3, 2*q = 5*v - 2983. What is the remainder when v is divided by 26?
25
Let w(q) = -3*q - 15. Suppose 4*v - f - 46 = 0, 0*v - 3*v - 3*f + 42 = 0. Calculate the remainder when w(-12) is divided by v.
9
Let j(y) = y - 16. Let h be -3 + (-5)/((-5)/11). Let d be j(h). Calculate the remainder when 140 is divided by ((-22)/(-12))/(d/(-48)).
8
Let m = 8396 + -8368. Calculate the remainder when 82 is divided by m.
26
Let v = 1251 + -1226. Calculate the remainder when 114 is divided by v.
14
Let m = -234 + 334. Let z be (-10 - -3)*1*(-8)/28. Suppose -4*u + 68 = 3*j, z*u = 56*j - 52*j + 34. Calculate the remainder when m is divided by u.
15
Suppose -2*g + i - 6953 = -31382, 25 = 5*i. What is the remainder when g is divided by 188?
185
Let c = -16269 - -16303. Calculate the remainder when 1558 is divided by c.
28
Calculate the remainder when ((-1346)/(-8))/((5117/688)/119) is divided by 337.
333
Let t(h) = 18*h + 3102. What is the remainder when t(11) is divided by 301?
290
Suppose 6*j = 5*g + 4*j - 2522, 2*g = -2*j + 1020. Calculate the remainder when g is divided by 51.
47
What is the remainder when 150 is divided by 4 - (-3 + 1 + -1)?
3
Let v(u) = 12*u + 42. Let z be v(-8). Let t(o) = -13*o - 4. Let i be t(5). Let f = z - i. What is the remainder when f is divided by 4?
3
Suppose 1 = w + l, -4*w - 5*l + 2 = -1. Suppose 5*a = -b + 155, -7*a + 4*a - w*b + 93 = 0. Calculate the remainder when 68 is divided by a.
6
Suppose 4 = y, 0 = -2*r + 2*y - 76 + 84. What is the remainder when 7663 is divided by r?
7
Let c = 16350 + -12429. What is the remainder when c is divided by 106?
105
Suppose 0 = 2*b + 3*o, 3*b - 4*o - 11 = -3*o. Suppose -3*g - 3*d = -9, 5*g = 2*d - b*d + 35. Let x = 327 + -309. Calculate the remainder when x is divided by g.
2
Let m(l) = 2*l**2 - 28*l - 341. Let q(u) = u**2 - 14*u - 171. Let c(f) = -2*m(f) + 5*q(f). Calculate the remainder when c(23) is divided by 31.
3
Suppose x + 182 = 2*y, -27*x + 31*x = -y + 64. Calculate the remainder when 876 is divided by y.
84
Suppose 16*x + 24*x - 15320 = 0. Let h = -351 + x. Calculate the remainder when 126 is divided by h.
30
Let u = 169 + -20. Suppose -31*i + 27*i = -2*z - 16, -z + 19 = i. What is the remainder when u is divided by i?
5
Let q(o) = -o**3 - 26*o**2 + 152*o + 42. What is the remainder when q(-31) is divided by 20?
15
Suppose 34*k - 38 = 15*k. Calculate the remainder when 54 is divided by (k*(-17)/(-3))/(124/186).
3
Let y(z) = 2*z**2 - 66*z - 1150. What is the remainder when y(48) is divided by 47?
8
Let g(f) = -3*f**2 + 218*f - 868. Calculate the remainder when 6715 is divided by g(63).
2
Let x(n) = 55*n - 237. Let j = -25 - -30. Suppose j*s - 7*s = -50. What is the remainder when x(6) is divided by s?
18
Let b(y) = 5*y**3 - 4*y**2 - 2*y + 2. Let g be b(-2). Let c(z) = 2*z**2 - 2*z - 4. What is the remainder when c(5) is divided by ((792/(-30))/11)/(6/g)?
16
Let k = 440 + -244. Suppose 3*l - 104 = -4*b + 58, -4*l = -5*b - 185. Calculate the remainder when k is divided by l.
46
Suppose 0 = -2*j - 7 + 129. Let t(o) = o**3 + 9*o**2 + 11*o + 10. What is the remainder when j is divided by t(-2)?
13
Suppose -11*n - 38 = -1873 - 211. What is the remainder when 2035 is divided by n?
175
Suppose 16 = 7*v - 3*v, 5*k + 4*v = 231. Suppose f - 50 = -n + 4*f, 0 = 4*n + f - 265. Suppose -y = n - 74. What is the remainder when k is divided by y?
7
Let x = 3107 + 989. Suppose 1243 = -9*r + x. Calculate the remainder when r is divided by 29.
27
Let m be ((-36)/20)/3*-30. Suppose m*c - 14*c - 64 = 0. What is the remainder when 27 is divided by 6/(-9)*2*(-228)/c?
8
Suppose -4*w + 2*t - 5*t = -1239, 2*w - 622 = -4*t. Let g = 511 - w. Suppose d = -p + 28, -39 = -5*p + 4*d + 155. What is the remainder when g is divided by p?
32
Suppose 8*f - 21 = 35. Suppose -f + 35 = 2*k. What is the remainder when 46 is divided by k?
4
Let n(m) be the third derivative of m**5/60 - m**4/24 + 17*m**3/3 - 11*m**2 + 2. Calculate the remainder when n(0) is divided by 8.
2
Let k = -124 - -233. Let a(y) = 3*y**2 + 9. Calculate the remainder when k is divided by a(-4).
52
Let o(m) = -m**3 + 33*m**2 + 14*m - 60. Let f be o(33). Let a = 470 - f. What is the remainder when a is divided by 5?
3
Let a(j) = -2*j**3 - 17*j**2 - 44*j - 69. What is the remainder when 262 is divided by a(-7)?
78
Let v(f) = f**2 - 6. Calculate the remainder when v(-5) is divided by 16 + (12 - 9) + -8.
8
Suppose 4*o - 481 = v, o + 0*v - 99 = -4*v. Let f(k) = -k**2 + 3*k + 68. What is the remainder when o is divided by f(-6)?
7
Suppose -4*p - 21 = 31. Let o = 41 + p. Let g = 10 - 0. Calculate the remainder when o is divided by g.
8
Let p be (-2)/(-8)*8 + 25. Suppose 6*c - 63 - p = 0. Calculate the remainder when 129 is divided by c.
9
What is the remainder when (33/11 - -144)*(-3)/(-4 - -1) is divided by 127?
20
Suppose 17*g = 8*g + 18. Suppose -3*q - 2*d + 250 = g*q, 150 = 3*q + 4*d. Calculate the remainder when q is divided by 25.
0
Let v(n) = -2*n**3 - 59*n**2 - 380*n - 129. What is the remainder when v(-22) is divided by 18?
17
Suppose 130 = 4*b - 5*h, 24 = 3*b - 3*h - 75. Calculate the remainder when -1 + 111 - (-1 + -1) is divided by b.
7
Calculate the remainder when 268 is divided by ((-8)/(-24))/(6/1350).
43
Let v = -284 - -190. Let o = v + 210. Suppose -11*z + 13*z = o. What is the remainder when z is divided by 21?
16
Let d be 14 - 11 - 15/3. Let c(n) = -15*n**3 - 7*n**2 - 6*n - 3. Calculate the remainder when c(d) is divided by 29.
14
Let x(g) be the third derivative of -g**6/120 - g**5/60 - g**4/24 + g**3/6 - 28*g**2 - g. What is the remainder when x(-4) is divided by 13?
1
Suppose 3*o - d - 10 = 0, 2*o - 10 = o - d. Suppose 5*h - 4*m = -1328, -5*h = -7*h - m - 539. Calculate the remainder when -10*h/72 + (-2)/9 is divided by o.
2
Suppose -4*p - k + 24 = 0, 4*p - 4*k - 48 + 4 = 0. Let q(d) = -d**3 + 9*d**2 + 5. Suppose 2*v - 11 = 7. Calculate the remainder when p is divided by q(v).
2
Suppose 4*t = -72 + 232. Suppose 2*o + 71 = -5*w + 239, 0 = w + 2*o - t. What is the remainder when w is divided by 10?
2
Suppose 3*q + 5*l = 2665, -3*l + 3546 = -17*q + 21*q. Calculate the remainder when q is divided by 21.
3
Let s = 7783 + -7720. What is the remainder when 245 is divided by s?
56
Let f = -47 - -57. Let j(b) = -13 - 10*b**2 + 9*b**2 + 10*b + 14*b - 8*b. What is the remainder when j(f) is divided by 26?
21
Let i be 2 + (16 - -1) + (-1 - -1). Suppose i*h - 3115 = 742. What is the remainder when 84 is divided by h/7 + 0/1?
26
Calculate the remainder when 17928 is divided by 12 + 396/(-33) + (-2)/(6/(-387)).
126
Let a(k) = -k**3 - 3*k**2 + 6*k - 4. Let v be a(-6). Let h = v + -42. What is the remainder when 40/(-3)*((-255)/10 - -18) is divided by h?
22
Suppose 184 = -4765*u + 4766*u. Calculate the remainder when 1*7*(u - 170) is divided by 2/(-5) + (-114)/(-10).
10
Let z = -16 + 19. Suppose z*k + 39 = -15. What is the remainder when ((-10)/6)/(1/k) + 0 is divided by 8?
6
Let c(k) = -8*k + 61. Let j(p) = -p**3 + 2*p**2 + 10*p - 1. Let a be j(4). What is the remainder when 217 is divided by c(a)?
2
Let j be -42*1*((-9)/(-6))/(-3). Let b be 10*j/(-12)*(-25 + -3). Suppose -8*u + b = -u. Calculate the remainder whe